greatest common divisor of 1448 and 155128.
8
Calculate the greatest common divisor of 60125 and 8355375.
125
What is the highest common divisor of 223 and 176496918?
223
Calculate the greatest common factor of 5033440 and 1351.
193
Calculate the greatest common divisor of 164 and 233650636.
164
What is the highest common divisor of 1628550 and 1199?
11
What is the highest common divisor of 3078 and 7943634?
342
Calculate the greatest common factor of 460480 and 357040.
80
What is the highest common factor of 154544 and 1468911?
743
What is the greatest common factor of 85225 and 19775?
175
What is the highest common factor of 42718 and 1318057?
689
Calculate the greatest common factor of 355313 and 2019577.
1841
Calculate the highest common factor of 36 and 66764040.
12
What is the highest common divisor of 39181840 and 10600?
2120
What is the greatest common factor of 408985339 and 15113?
889
What is the highest common factor of 84 and 249156?
12
Calculate the highest common divisor of 322849 and 719.
1
Calculate the highest common factor of 31805504 and 25420.
5084
Calculate the highest common factor of 1274 and 258466.
26
Calculate the greatest common factor of 10880 and 23757840.
1360
Calculate the greatest common divisor of 484 and 513045544.
44
What is the greatest common divisor of 1334 and 13903354?
58
What is the greatest common divisor of 75 and 53445075?
75
What is the greatest common factor of 19169 and 203696?
29
Calculate the highest common factor of 288552960 and 2560.
2560
Calculate the highest common factor of 57729171 and 1896.
237
Calculate the highest common factor of 16670543 and 38.
19
What is the greatest common factor of 1738 and 136320662?
158
What is the highest common factor of 826507 and 124850?
2497
What is the greatest common factor of 205303520 and 3008?
1504
What is the highest common divisor of 8829 and 4013271?
981
Calculate the highest common factor of 80047 and 2960903.
209
What is the highest common factor of 38 and 9265217?
19
What is the greatest common factor of 14891811 and 279?
93
What is the highest common factor of 6660240 and 840?
120
Calculate the highest common divisor of 24 and 9041532.
12
What is the greatest common divisor of 7 and 329969?
1
Calculate the highest common divisor of 1621 and 426943843.
1621
What is the highest common divisor of 90 and 1829015190?
90
Calculate the greatest common factor of 8188460 and 700.
140
Calculate the highest common divisor of 27 and 59384322.
9
What is the highest common divisor of 816 and 54141360?
48
Calculate the highest common divisor of 394893 and 2907.
153
What is the greatest common factor of 45644 and 128?
4
Calculate the greatest common divisor of 215 and 971840.
5
Calculate the greatest common factor of 5422790 and 152.
38
Calculate the greatest common divisor of 56 and 82800508.
28
What is the highest common divisor of 48509 and 2074252?
179
What is the greatest common factor of 5624 and 35264?
152
What is the highest common divisor of 171587082 and 1818?
606
What is the highest common divisor of 90 and 1253982?
6
Calculate the highest common divisor of 108 and 94364982.
18
What is the greatest common factor of 67859 and 486607?
341
What is the greatest common factor of 343989 and 669663?
333
What is the highest common factor of 16630542 and 522?
18
What is the greatest common divisor of 1261 and 14666587?
13
What is the highest common divisor of 158 and 866235?
79
What is the highest common divisor of 3568575 and 10425?
75
Calculate the highest common factor of 151 and 52314403.
151
Calculate the greatest common factor of 89144000 and 3300.
1100
Calculate the highest common divisor of 30940 and 6592940.
340
What is the greatest common factor of 77 and 229391239?
77
Calculate the greatest common factor of 13 and 2698111.
13
What is the greatest common factor of 103796832 and 1632?
1632
Calculate the highest common factor of 446 and 12454.
2
What is the greatest common divisor of 275836443 and 1591?
1591
Calculate the highest common factor of 8663158 and 476.
14
What is the highest common divisor of 4944 and 55119729?
309
Calculate the greatest common divisor of 5676 and 2255748.
132
Calculate the highest common factor of 2322 and 34932942.
774
Calculate the highest common factor of 113696884 and 272.
68
What is the greatest common divisor of 3808 and 456649376?
544
What is the greatest common divisor of 2912087 and 4926?
821
Calculate the greatest common divisor of 14 and 25724846.
14
Calculate the highest common factor of 16345 and 2771645.
2335
Calculate the highest common factor of 2867732 and 21.
7
What is the greatest common divisor of 26492336 and 48776?
6968
Calculate the highest common factor of 1724 and 184923567.
431
Calculate the greatest common factor of 11637 and 4005283.
431
What is the highest common divisor of 26 and 1086826?
26
What is the highest common factor of 12498636 and 36?
12
What is the greatest common factor of 26502 and 501086565?
13251
Calculate the greatest common factor of 3479 and 1728353.
71
What is the greatest common factor of 225 and 3947670?
45
What is the highest common divisor of 36354 and 14774?
166
What is the highest common factor of 3078 and 531582?
114
Calculate the greatest common factor of 12714 and 859092.
78
What is the greatest common divisor of 13806 and 1217346?
78
Calculate the highest common factor of 62579 and 253.
11
Calculate the greatest common divisor of 2822 and 961607788.
2822
Calculate the highest common divisor of 32575 and 1373825.
25
Calculate the highest common factor of 8778937 and 7171.
71
Calculate the greatest common factor of 152799 and 13454.
961
Calculate the highest common factor of 963748 and 812848.
2012
Calculate the highest common factor of 410893 and 17647.
7
Calculate the greatest common factor of 27152 and 24512.
16
What is the highest common factor of 204280 and 49960?
40
What is the greatest common divisor of 3969174 and 363?
33
Calculate the greatest common divisor of 3781 and 1118608850.
3781
What is the greatest common divisor of 4512 and 107959?
47
What is the highest common factor of 95 and 771744565?
95
Calculate the greatest common divisor of 1474 and 1394734.
22
Calculate the greatest common factor of 5 and 210695.
5
What is the highest common factor of 588554090 and 10?
10
What is the greatest common divisor of 7675 and 4851521?
307
Calculate the highest common factor of 65 and 552526.
13
What is the greatest common divisor of 75456 and 224824296?
3144
Calculate the greatest common factor of 480 and 7211136.
96
What is the greatest common factor of 26637222 and 3210?
642
Calculate the highest common divisor of 156 and 6129630.
78
What is the highest common factor of 47558 and 7663?
79
What is the greatest common factor of 4184974 and 1477?
211
What is the highest common factor of 31333680 and 52920?
2520
Calculate the highest common factor of 455528 and 1936.
8
Calculate the highest common factor of 8065 and 319177214.
1613
Calculate the greatest common factor of 134962092 and 12816.
3204
Calculate the highest common divisor of 32725 and 13413425.
425
Calculate the highest common divisor of 5565 and 106410.
15
Calculate the greatest common factor of 8684 and 10744656.
52
What is the highest common divisor of 10250 and 12644646?
82
What is the greatest common divisor of 61355044 and 4012?
236
What is the greatest common factor of 414684 and 4338?
18
What is the highest common divisor of 3944191 and 133?
19
Calculate the highest common factor of 131516 and 4273192.
2156
What is the greatest common divisor of 2883 and 4212?
3
Calculate the highest common divisor of 27162428 and 188.
188
What is the greatest common divisor of 1433430 and 13500?
270
What is the greatest common factor of 56744 and 1257716?
164
Calculate the highest common factor of 8289945 and 366930.
1215
What is the highest common divisor of 256301439 and 15?
3
Calculate the highest common divisor of 2591280 and 3965.
305
Calculate the greatest common factor of 180 and 166854510.
90
Calculate the highest common divisor of 49777 and 99281.
91
What is the highest common divisor of 3172 and 163888?
4
Calculate the greatest common factor of 14599494 and 756.
378
Calculate the greatest common 